 - 2. Calculate the remainder when 194 is divided by s.
26
Let k(l) = -l**2 + 41*l - 74. Let m be k(39). Suppose m*v = -3*s + 108, -v = 2*v - s - 81. Calculate the remainder when v is divided by 6.
3
Let w = 23 - 20. Let s be (-8)/4 - (-2 - (0 + w)). Suppose -s*h = 1 - 58. Calculate the remainder when 75 is divided by h.
18
Let y(w) = w**2 - 8*w - 4. What is the remainder when ((-700)/(-200))/(7/74) is divided by y(9)?
2
Let a(s) = 11*s - 94. Let d be a(9). Suppose -5*k - 3 = 3*c, c + d = -2*k + 3. What is the remainder when 26 is divided by c?
2
Suppose 0*l - 830 = -5*y - 3*l, 0 = -3*y - 2*l + 497. Let h(x) = -29*x - 68. Calculate the remainder when y is divided by h(-3).
17
Let l(i) = -5*i - 26. Let w be l(-6). Suppose 3*m - 26 = -w*k + 2*k, -3*m = -5*k - 61. What is the remainder when 47 is divided by m?
11
What is the remainder when 386 is divided by ((-3096)/(-7))/9 - (-9)/(-63)?
43
Let l(p) = 13*p**2 + 14*p - 8. Let i(s) = -3*s**2 + 3*s - 2. Let z be i(2). Let w = 27 + z. What is the remainder when l(2) is divided by w?
15
Let o(b) = 5*b**2 - 6*b - 1. Calculate the remainder when o(-9) is divided by (1 + 2 - (-57)/(-18))*(-107 + -31).
21
Let o = -746 + 788. Suppose -3*i + n + 540 = 0, i - 2*n = -0*i + 185. What is the remainder when i is divided by o?
11
Let d(p) = -5*p - 155. Let g be d(-31). Suppose 36*r + 5*r - 1763 = g. Calculate the remainder when 772 is divided by r.
41
Suppose 8*n - 58 = 78. Suppose 0 = -2*o - 27 + n. What is the remainder when (51/(-9) - o) + (-130)/(-6) is divided by 8?
5
Let j = 5516 - 5207. Calculate the remainder when j is divided by 6.
3
Suppose x - 7 = -m, 6*m - 48 = x - 4*x. What is the remainder when 746 is divided by m?
8
Suppose 389*l = 332*l + 3078. Calculate the remainder when l is divided by 52.
2
Suppose -3*y - 710 = 5*r - 130, -940 = 5*y - 5*r. Let i = -241 - -143. Let m = i - y. Calculate the remainder when m is divided by 32.
28
Suppose -17814*w + 17896*w = 15990. Suppose 5*g - 3*b = 131, 4*g + 0*b - b - 102 = 0. Calculate the remainder when w is divided by g.
20
Let r = -77 + 72. Let f = -22 - -38. Calculate the remainder when (3 - (1 - r)) + 130 is divided by f.
15
Suppose 72*l = 242 + 622. What is the remainder when 114 is divided by l?
6
Suppose 4*s - 71 = -5*m - 13, -3*m - 5*s + 27 = 0. Let l(r) = 5*r**2 - 4 - 7 - 17*r - 6*r**2 - 11. What is the remainder when l(-12) is divided by m?
10
Let z = 211 - 195. Let v = 21 - z. What is the remainder when 27 is divided by v?
2
Suppose 4*l + 620 = 8*l - 4*a, 0 = -l + 2*a + 160. Suppose -180 = 10*u - u. Let i = u - -42. What is the remainder when l is divided by i?
18
Suppose -2*o = 6*o - 40. Suppose 0 = -3*x - 5*q + 140, 0 = -o*x - 2*q + 93 + 115. What is the remainder when x is divided by 21?
19
Suppose 2*r + o = 6, 4*r - 38 + 10 = 2*o. Calculate the remainder when (r + (-525)/(-10))*(-8)/(-10) is divided by 15.
1
Let d = -70 + 74. Suppose 0 = -4*n - q + 988, -13*n - d*q + 480 = -11*n. What is the remainder when n is divided by 18?
14
Suppose 4*s - s + 108 = 5*s. Calculate the remainder when 2157 is divided by s.
51
Suppose 27*i - 48 = 15*i. Let u = 39 - i. What is the remainder when 313 is divided by u?
33
Let l be (-2 - (-8)/10)*15/(-9). Suppose 0 = 3*y - l*v - 3424, -3*y + 6*v - v = -3439. What is the remainder when y is divided by 38?
36
Suppose -5*x = 2*s - 38, 0 = -s + 3*x - 32 + 18. Calculate the remainder when 2089 is divided by s.
1
Calculate the remainder when (2 - 84/45)*-6*-280 is divided by 124.
100
Suppose -i + 54 = 5*i. Let a(f) = -f + 25. Let c be a(i). Suppose -16 = -u + v, u - 5*v - c = -3*v. Calculate the remainder when 46 is divided by u.
14
What is the remainder when 2301 is divided by (-792)/110 - -9 - 3811/(-5)?
9
Let r(t) = 26*t**2 + 2*t + 3. Let a be r(-1). Let m(k) = -k**3 - 5*k**2 + 2*k + 7. Let w be m(-4). Let c = a - w. What is the remainder when c is divided by 23?
21
Let q(j) = j - 1. Let s be q(2). Suppose -i + 75 = 2*k + 3*k, k - 15 = 2*i. What is the remainder when (k/s)/((-67)/14 + 5) is divided by 36?
34
Suppose 0 = -5*v - 3*h, -10 - 10 = -4*h. Calculate the remainder when (-2 - (v + 174))*-1 is divided by 35.
33
Suppose -5*w + 43 = -37. Calculate the remainder when 99372/312 - (-6)/(-12) is divided by w.
14
Let t = 41 + -45. Let a be t*(3 - (-52)/(-8)). Calculate the remainder when 69 is divided by a + 4 + (1 - 5).
13
Suppose -336 = -4*s + d, s - 692*d - 84 = -693*d. Calculate the remainder when 585 is divided by s.
81
Let z(p) = 77*p - 17*p**3 - 5 + 19*p**3 - 4*p**2 - 20*p - 13*p**2 - p**3. What is the remainder when z(13) is divided by 33?
27
Let r = 90 + -60. Suppose 6*f + 3 = k + 2*f, 0 = 5*k - f - 110. What is the remainder when r*(3 - 5/10) is divided by k?
6
Let y(r) = -22*r - 82. What is the remainder when 108 is divided by y(-8)?
14
Suppose -3 = 3*k + 3, 3*w - k + 43 = 0. Let t = 8 - w. Calculate the remainder when 64 is divided by t.
18
Let f = -37 - 14. Let u = f - -55. Suppose -5*q + 4*n + 21 = -4*q, 65 = u*q + 3*n. Calculate the remainder when 117 is divided by q.
15
Let p be 23355/(-39) - ((-328)/(-104) + -3). Let z = p + 620. Calculate the remainder when 70 is divided by z.
7
Let q(v) = v**3 + 17*v**2 + 12*v - 7. Let l be q(-15). Suppose 7*o - l = 45. Suppose -29*i = 811 - 4523. What is the remainder when i is divided by o?
40
Suppose -5*p + 4*n = -2555, -526 - 489 = -2*p + 3*n. Calculate the remainder when 535 is divided by p.
20
Let r(p) = -3*p**3 - 11*p**2 + 12*p - 2. Suppose 0 = 3*s - 9*s + 624. Calculate the remainder when s is divided by r(-5).
28
Suppose -38*x + 161 = -34*x - j, 2*x + 7*j = 43. Calculate the remainder when 124 is divided by x.
7
Suppose -3*b = -7*b - 252. Let h be ((-432)/b)/(3/21). Suppose s = -g + 3 + 7, 5*g + 3*s = h. What is the remainder when 79 is divided by g?
7
Suppose -1579*y + 285 = -1564*y. Let n(i) be the first derivative of -i**4/4 - i**3/3 - i**2 + 36*i + 2. What is the remainder when n(0) is divided by y?
17
Let w = 168 - 132. Suppose 8*d = 6*d + w. What is the remainder when 51 is divided by d?
15
Suppose 0 = 29*f + 6067 - 18247. What is the remainder when f is divided by 141?
138
Let y = -6952 + 7946. Calculate the remainder when y is divided by 49.
14
What is the remainder when (-3)/(-12) + 187/(-44) + 51 is divided by 16?
15
Let b be (-10)/30*33*17. Let a = 202 + b. Calculate the remainder when a is divided by 2.
1
Suppose 0 = 2*k - 75 - 67. Let h = 90 - k. Let b(s) = s**2 + 4*s + 7. What is the remainder when b(-9) is divided by h?
14
Suppose -25*p = -402 + 202. What is the remainder when 606 is divided by p?
6
Let c(l) = -l**2 + l + 1. Let y be c(3). Let v = y + 16. Calculate the remainder when 101/(-15150)*30 - -211*1/5 is divided by v.
9
Suppose 27 = 2*x - 35. Calculate the remainder when (-22 - 2180/(-100)) + 798/15 is divided by x.
22
Let p(k) be the first derivative of -k**4/4 + k**3/3 - 3*k**2/2 + 80*k - 25. What is the remainder when p(0) is divided by 28?
24
Suppose -o - 3*o + 4*y - 8 = 0, 5*y = 15. Suppose 59*m - 45*m - 154 = 0. Calculate the remainder when o + 1 + (40 - 4) is divided by m.
5
Let j be 5*1 - (-36 + -115). Let o = j + -125. Calculate the remainder when ((-2)/1)/(6/(-183)) is divided by o.
30
Let q(h) = 2*h**2 - 3*h - 737. Calculate the remainder when 381 is divided by q(22).
51
Let d = 97 + -16. Suppose d = 4*u + 13. Suppose -7*y + u = -11. What is the remainder when 4 is divided by y?
0
Let l = -4068 + 4112. Calculate the remainder when 58 is divided by l.
14
Let s = -71 + 113. Suppose 7*u = -5*z + 9*u + 44, -5*z + s = -u. What is the remainder when 38 is divided by z?
6
Let d(o) = 401*o + 4998. What is the remainder when 270 is divided by d(-12)?
84
Suppose -31*z = 13*z - 703 - 705. Calculate the remainder when 1150 is divided by z.
30
Let o be ((-7)/4)/((-2)/16). Let m(f) = -3*f - 10. Calculate the remainder when ((-435)/70 - 4/o)*-2 is divided by m(-4).
1
Suppose 4*j = -0*j - x + 31, -j + 2*x = -10. Suppose -294*b + 8208 + 2045 = 845. What is the remainder when b is divided by j?
0
Let o be (-228)/95*(0 + (-5)/(-2)). Calculate the remainder when o + 41/7 - (-1262)/14 is divided by 39.
12
Let w(y) = 62*y**2 - 49 + 98 + y - 6*y - 52. What is the remainder when w(2) is divided by 49?
39
Suppose -5*v - 1351 = -l + 16, -4090 =